 - 74. List the prime factors of z.
2, 3
Let q be (-327)/9*(-10 + -1 + 2). Let z = q - -82. Suppose z = 4*b - 7. What are the prime factors of b?
2, 13
Suppose -15377*u - 6165 = -15378*u. List the prime factors of u.
3, 5, 137
Suppose -d = -5*k - 6*d + 5, -2*k - 13 = -d. Let r = 16 - k. List the prime factors of r + 0 - 6/2.
17
What are the prime factors of (81*(-6 - (-118)/(-10)))/((-3)/15)?
3, 89
Let o be (-38252)/(-24) + (20/(-24) - -1). Suppose -3*n + 2400 = 3*f, -2*n - 5*f + 9*f + o = 0. List the prime factors of n.
17, 47
Let s be (-2244)/28 + (-2)/(-14). Let h = s - -79. List the prime factors of (h - 17)*(-6)/4.
3
Let h = 15433 + 15498. What are the prime factors of h?
30931
Suppose -m - 5*x = -8224, -3*x = 2*m - 0*m - 16413. List the prime factors of m.
3, 911
Let x(o) = 12*o - 30. Let t be x(6). Suppose -8*d = -t*d + 43418. What are the prime factors of d?
1277
Let b = -1322 - -11548. What are the prime factors of b?
2, 5113
Let k = -884 + -566. Let a = -945 - k. List the prime factors of a.
5, 101
Let q = -15984 - -29708. What are the prime factors of q?
2, 47, 73
Suppose -36*c + 151653 = -214287. List the prime factors of c.
5, 19, 107
Let s(n) = n - 8. Let j be s(11). Suppose 96 - 24 = j*x. What are the prime factors of (78/5)/(x/80)?
2, 13
Suppose -2*d + 5*c = -0*d - 256, 540 = 4*d + 4*c. List the prime factors of (351/2)/(-3 + d/42).
3, 13
What are the prime factors of (-12)/60*-60215 + 13?
2, 11, 137
Suppose q + 3*a = 20365, 1507*a = -4*q + 1510*a + 81475. List the prime factors of q.
2, 19, 67
Let d(f) = -20*f + 15. Suppose -8*y = -6*y + 10. Let b(h) = -20*h + 15. Let u(z) = y*b(z) + 4*d(z). List the prime factors of u(6).
3, 5, 7
Let u(h) = 1558 + 2*h - 2*h**3 + h**3 - 1556 + h**2. Let p be u(-1). What are the prime factors of (-41)/(45/(-18) - -1*p)?
2, 41
Let g(d) = 2238*d**2 - 4*d + 5. What are the prime factors of g(-2)?
5, 11, 163
Suppose 4*o + o + 785 = 0. Suppose 7*v + i - 1270 = 2*v, -v + 254 = 3*i. Let m = o + v. List the prime factors of m.
97
Let n be (((-840)/25)/(-14))/(2/1185). Let y = n - 408. List the prime factors of y.
2, 3, 13
What are the prime factors of ((-108)/4)/((-14)/12190) - 8/28?
23509
Let u be (0 + (2 - 54/(-3)))*(-1189)/(-164). Suppose -2*l = 2*o - 172, -6*o + 2*o - 5*l + 347 = 0. Let m = u - o. List the prime factors of m.
2, 31
Suppose 12*y = 67826 - 926. List the prime factors of y.
5, 223
Let f = 840 - 1286. Let c = -54 - f. What are the prime factors of c?
2, 7
Let g be 26*(-1)/(-2)*5. Suppose 60 = -3*d - 3*q - 0*q, -q = -4*d - g. Let u(r) = r**3 + 17*r**2 - 5*r - 7. List the prime factors of u(d).
2, 3, 13
Let x(q) = 3*q - 3. Let l be x(1). Suppose l = -9*r + 1327 + 4658. List the prime factors of r.
5, 7, 19
Let n(r) = -r**3 - r**2 + 3*r + 1. Let h be 6*4/36*3. Let b be n(h). Let v = 25 - b. List the prime factors of v.
2, 3, 5
Let f be (-88)/154 - (1 + 421019/(-7)). Suppose 0 = 52*t - 4*t - f. List the prime factors of t.
7, 179
Suppose 5*x = 5*d - 205895, 5*x - 57 = -17. List the prime factors of d.
3, 13729
Suppose -174 = -14*k + 20*k. Let y(i) = -i**2 - 34*i + 31. Let x be y(k). Suppose 2*o + 5*t = 139, -3*o + x = -t + 2*t. List the prime factors of o.
3, 19
Suppose -28*y = -32*y - 40. What are the prime factors of (-472)/y + 11/(-55)?
47
Let g = -29 + 31. Suppose 3*a = 3*o - 2 - 16, -g*a = 8. Suppose -2*c - 3 = o*s - 289, -s = -4*c + 562. List the prime factors of c.
3, 47
Let q = -59 - -109. Let f = q - 48. What are the prime factors of f/(3 - (-200)/(-68))?
2, 17
Suppose -5*d - 16845 = -3*v, -4*v + 20469 = d - 1968. What are the prime factors of v?
2, 3, 5, 11, 17
Let r = -866 - -856. Let x(s) = -4*s - 12 - 22 - 5*s. List the prime factors of x(r).
2, 7
Suppose 4*s + 252 = 3*a + 1917, s - 402 = -4*a. What are the prime factors of s?
2, 3, 23
Let c = 22 + -18. Let z = 104 + -98. Suppose -c*q + 2*u = -456, -2*q = -z*q + 3*u + 452. List the prime factors of q.
2, 29
Suppose 4*j - 49190 = 2*n, 3*n + 591 - 12871 = -j. List the prime factors of j.
5, 2459
Let m(j) = 3329*j**2 - 3*j + 2. List the prime factors of m(-1).
2, 1667
Suppose 3*m - 2*b = -1711, 4*b - 2*b + 1154 = -2*m. Let j = 648 + m. List the prime factors of j.
3, 5
Let d = -1839 - -3135. Suppose 0 = -q - 3*h + 29, -2*q + 63 = q + h. List the prime factors of d/15 - q/50.
2, 43
Let f be (7/35 - -1)/((-6)/(-1280)). Suppose -88 = 7*i - f. Let m = i + -20. List the prime factors of m.
2
Let q(o) = 376*o**2 - 405*o - 3336. List the prime factors of q(-8).
2, 7, 107
What are the prime factors of 23922/4 + (-2322)/(-516)?
3, 5, 7, 19
Suppose -2*h + 5*i + 29600 = 0, -68585 + 9385 = -4*h + 3*i. What are the prime factors of h?
2, 5, 37
Let v = 15 + -1. Let l be (v/(-4))/(-7)*4. Suppose -5*k = z - 121, 2*k = l*z - 261 + 67. What are the prime factors of z?
101
Let d be 1175/188 + (-2)/8. Let p(l) = 80*l + 5. List the prime factors of p(d).
5, 97
Let d be 138/(-9) - (-2)/6. What are the prime factors of 3*(-5)/d + 108?
109
Suppose -2*t = -252 - 66. Let a(d) = 3*d**3 - 16*d**2 - 2*d**3 + t*d - 25 - 135*d. What are the prime factors of a(15)?
2, 5, 11
Suppose -21733616 = -407*r - 8816657. What are the prime factors of r?
3, 71, 149
Suppose -12*m + 11 + 25 = 0. Suppose 5*k + 3*d - 4016 = 0, -k - m*d = -0*k - 796. List the prime factors of k.
5, 7, 23
Let t(m) = -250*m**3 - 12*m**2 - 2*m + 9. Let n be t(5). What are the prime factors of (18/15)/(n/7890 - -4)?
2, 263
Let y = -74 + 96. Let q be (-57428)/(-44) - 4/y. Suppose 11*b = -4*b + q. List the prime factors of b.
3, 29
Let f(t) = t**3 - t + 1. Let o(a) = 5*a**3 + 7*a**2 + 4*a + 10. Let l(p) = 3*f(p) - o(p). Let g be l(-4). Suppose 2*y - g = 29. What are the prime factors of y?
3, 11
List the prime factors of 2803 + (54/12*2 - 6).
2, 23, 61
Suppose -33*g = -30018 - 11331. List the prime factors of g.
7, 179
List the prime factors of 246358/35 - 3/(-15).
7039
Let u be (-3)/(-4)*24/27*3. Suppose -3*x = 4*q - 3*q - 344, 4*q + 206 = u*x. List the prime factors of x.
113
Let t = 179 + -206. What are the prime factors of 6/27 + (-1857)/t?
3, 23
Suppose 2*k - 5*x = -21, 8 = -x + 13. Suppose 519 = -3*o - l + 1423, -o + k*l + 313 = 0. List the prime factors of o.
3, 101
Suppose -2*z - 7 - 23 = -4*a, 5*a - 15 = -5*z. What are the prime factors of 1344/27 + a/27?
2, 5
What are the prime factors of (9/(-63))/(70/(-38877580))?
2, 39671
Let r(g) = 5*g**2 + 6*g - 38. Let h(i) = 4*i + 89. Let p be h(-20). List the prime factors of r(p).
421
Let z be 2/6 + 58/6. List the prime factors of z/(-15) + (1786/6 - 1).
2, 37
Let f(x) = x**3 + 10*x**2 - 28*x - 16. Let y be ((-36)/16 + 3)*16/(-1). Let m be f(y). Let v = m - -57. What are the prime factors of v?
89
Suppose 4*r + 832 + 224 = 2*a, 5*r = a - 1314. Let n = 273 + r. What are the prime factors of n?
11
Suppose 3*o = 3*c - 175344, 316*c = 317*c - 5*o - 58452. What are the prime factors of c?
211, 277
Let o = -242 - -248. Let a(x) = 125*x + 54. What are the prime factors of a(o)?
2, 3, 67
Let w(h) = 1. Let p(z) = -17*z + 5. Let b(k) = -p(k) - 6*w(k). Suppose -g = -v, -4*v - 3*g - 9 = -30. What are the prime factors of b(v)?
2, 5
Let a = -100 + 187. Suppose -9 = -3*k + 5*l, -3 = k - 2*k - 4*l. Suppose -k*h = f - h - a, 0 = -h - 4. What are the prime factors of f?
5, 19
Let u(o) = 2*o**2 - 35*o + 20. Let f be u(17). Let l be (0 + 0)/(f/(-6)*-2). What are the prime factors of 303/(5 + -2 - l)?
101
Let p = -644 - -669. Suppose p = 4*h - 7. What are the prime factors of h?
2
Let o(m) be the second derivative of -13*m**3/6 - 4*m**2 - 2*m. Let a(p) = -p**3 - 11*p**2 - 10*p - 6. Let x be a(-10). List the prime factors of o(x).
2, 5, 7
Let u be 6208/12 + (-5)/15. Let w = u - 297. List the prime factors of w.
2, 5, 11
Let r(y) = 279*y**2 + 443*y - 30. List the prime factors of r(11).
2, 19301
Suppose d + r = -r + 5, 3*d + 15 = 4*r. Let w be 0 + (d - -1) + (-3 - -2). List the prime factors of (217/21)/((-15)/18 - w).
2, 31
Let t be (1 + 2 - -30)/(12/40). Let c = t + -196. Let p = 144 + c. List the prime factors of p.
2, 29
Suppose 18*k = 181628 + 1527 + 57919. What are the prime factors of k?
59, 227
Let d = 7662 - 3382. List the prime factors of d.
2, 5, 107
Let l be 561/15 - (-6)/10. Suppose -33*m - 60 = -l*m. List the prime factors of -3 - 1838/(-12) - 2/m.
2